n factor of v and 5.
5
Let o(h) be the first derivative of h**2/2 + 11*h - 48. Let d be o(-7). Calculate the highest common factor of d and 7.
1
Let k be 0 - (-1)/(-11*11/(-813604)). What is the highest common factor of k and 492?
164
Let y(z) = -z + 51. Suppose -4*o + 28 = -2*x + 7*x, 0 = -3*o - 4*x + 20. Let w be y(o). What is the highest common factor of w and 52?
13
Let t be 5/(7 - -3) + 99/6. Suppose -14*v = -t*v + 6. Suppose -5*p + 51 = 3*m + 17, -m + v*p = 7. What is the highest common divisor of 27 and m?
3
Let x be 4*(-1 - (-5)/2). Let t = -2 + x. Let s(h) = -12*h + 6. Let r be s(0). Calculate the greatest common divisor of r and t.
2
Suppose 204*n + 5600 = 214*n. Calculate the greatest common factor of 630 and n.
70
Suppose -9146 = -4*b + 3*o, 2*b - 712 = -2*o + 3840. What is the highest common factor of 28 and b?
14
Let u = 70 - 46. Let c = 47931 + -47715. What is the greatest common divisor of u and c?
24
Suppose 4*w - w = -4*l - 4, 5*l = 4*w - 36. Suppose 0 = -4*k + w*h + 68, -k - h = -3*k + 32. Let y = 41 - 26. Calculate the greatest common factor of k and y.
15
Let a(h) = 39*h**2 + h + 3. Let k be a(-3). Let l = -23630 - -23657. What is the greatest common factor of k and l?
27
Let k = 1577 - -276. Calculate the highest common factor of k and 119.
17
Let p = 2111 + -1346. Suppose -54 = -20*c + 60*c - 42*c - 4*b, 0 = 2*c - 5*b. Calculate the greatest common factor of p and c.
15
Suppose 3*l + 4*z + 7 = 0, -5*z - 10 = 2*l + 4. Let g(y) = -y**2 + 2*y + 5. Let c be g(l). Calculate the greatest common factor of 2 and c.
2
Suppose 0 = x + 4*x - 65. Suppose 4*t - x = 19. Calculate the highest common factor of t and 4.
4
Suppose 63*b - 29*b = 0. Suppose k + 5*z - z = -9, b = -5*z - 15. Suppose 2*c + c - 36 = 0. Calculate the highest common factor of k and c.
3
Let u be 59 - (-1)/1 - -3. Let g(w) = -8*w - 2. Let k be g(1). Let j be k/(-30) + 26/3. Calculate the greatest common divisor of j and u.
9
Let m(u) = -38*u + 146. Let h be m(5). Let k be 153/12 + (-11)/h. What is the highest common divisor of 481 and k?
13
Let s(a) = 42*a**2 - a - 1. Let o be s(-1). Let q = 4532 - 4525. What is the greatest common factor of q and o?
7
Suppose 9*z - 3*s - 345 = 4*z, 2*z + 2*s = 154. Let o = -266 + 338. Calculate the greatest common factor of o and z.
72
Let z(s) = 20*s**2 + 56*s + 8. Let q be z(-4). Calculate the greatest common factor of 5096 and q.
104
Let p(o) = -2*o**3 + 8*o**2 - 5*o - 1. Let g be p(3). Suppose 23 = g*c - 267. What is the greatest common divisor of 58 and c?
29
Suppose -6*x + 10 = -44. Let p be 25 - 12*x/36. What is the greatest common divisor of p and 308?
22
Let s(w) be the first derivative of 250*w**4 - 3*w**3 + 4*w**2 + w + 40. Let v be s(1). Calculate the greatest common divisor of 25 and v.
25
Let r = 381 + -402. Let g(s) = -15*s - 183. Let x be g(r). Calculate the greatest common divisor of x and 36.
12
Let g be 5 + (100/300 - 7648/(-6)). Calculate the greatest common factor of g and 240.
80
Let g be ((-160)/64)/((-10)/168). Calculate the highest common divisor of 903 and g.
21
Let h(d) = -6*d. Let w be h(-1). Let r(k) = -k**2 - 32*k - 13. Let s be r(-34). Let g be (-18)/s + (-214)/(-9). Calculate the greatest common factor of g and w.
6
Let a(h) = 3*h + 240. Let t be a(-28). Let r = -196 + 208. Calculate the highest common factor of t and r.
12
Suppose u - 3*p - 43 = 0, -p - 37 = 8*u - 9*u. Suppose -114*j - 8704 = -122*j. What is the greatest common divisor of u and j?
34
Let a = -69 - -108. Suppose -5*g + 2*b - 25 = -0*b, b - 5 = 0. Let f = g + a. What is the greatest common factor of 324 and f?
36
Let b = -4334 - -4346. Calculate the greatest common divisor of 164 and b.
4
Let u be 6*2/12 - -132. Suppose -u*d + 128*d + 2550 = 0. What is the greatest common factor of 30 and d?
30
Suppose -19*j + 1643 + 67 = 0. Calculate the greatest common factor of 5 and j.
5
Let v(y) = -2*y**2 + 18*y + 3. Let s be v(15). Let w = s + 309. Suppose -m + 40 = 2*t, -4*m + w = 3*t - 2*t. What is the highest common factor of 4 and m?
4
Suppose -60*o - 3899 = 13*o - 12440. What is the greatest common factor of 261 and o?
9
Let r = -36591 + 37231. Calculate the greatest common divisor of r and 2800.
80
Let c be (5 - (-9 - 932)) + -2. What is the greatest common factor of 16 and c?
16
Let x be 178 - (1 - 1) - 0/(-7). Let h = 216 - x. What is the greatest common factor of 114 and h?
38
Suppose -510*x = -499*x - 3630. What is the highest common factor of x and 66?
66
Let r(m) = 30*m - 59. Let q be r(11). Let n = q - 172. Calculate the greatest common divisor of 22 and n.
11
Let i = 32 + -41. Let k be (-3)/i - (-11)/3. Suppose 5*v - k*v = 480. What is the greatest common factor of v and 48?
48
Let x(s) = 30*s + 10. Let d be x(3). Let l = d - 96. Suppose 0 = m + 2*m - 6, l*b + m - 218 = 0. Calculate the highest common factor of 12 and b.
6
Let y = -3469 + 5965. What is the greatest common divisor of y and 8?
8
Let t be (2738/(-111) + 25)*(-1 + 46). Calculate the greatest common divisor of 1920 and t.
15
Let c(l) = -7*l**2 + 5*l - 2. Let a be c(1). Let n be a/10 + 5 + (-8767)/(-55). Calculate the greatest common factor of 41 and n.
41
Let p(j) = 8*j - 4. Suppose 14*c = 2*c + 348. Suppose c = 4*o + 4*d + 1, 5*o = 5*d + 45. Let t be p(o). Calculate the highest common factor of 15 and t.
15
Suppose -86*v + 300 = -26*v. Calculate the highest common divisor of v and 65.
5
Suppose -2*y + 5 = 465. Let l = -194 - y. Calculate the highest common factor of 684 and l.
36
Let p be 19 - ((-79569)/21)/9. Calculate the highest common factor of p and 120.
40
Suppose 25*y = -4*y. Suppose y*j = 3*j - 18. Calculate the highest common factor of j and 30.
6
Suppose n - 4*n - 167 = 2*m, -2*n + 4*m - 90 = 0. Let i = n + 157. What is the greatest common divisor of 78 and i?
26
Let b be ((-2)/3)/(-8 + (-69750)/(-8721)). Let u = 653 - b. What is the greatest common factor of u and 132?
66
Let j be ((-3)/12)/((-4)/16). Let k be (-3)/(j/(-104)*6). Suppose 4*l = 7*g - 2*g - 20, 4*g = 4*l + 16. What is the greatest common factor of k and g?
4
Suppose -7*n + 628 = -1192. What is the greatest common divisor of 1404 and n?
52
Let p be 12/(-1)*2/(-3). Let o = 746806 - 746774. What is the highest common factor of p and o?
8
Let s be 2/(-18) + (54272/36)/32 + -17. What is the greatest common factor of s and 6?
6
Suppose -2 = 7*r - 289. Suppose -c = 2*c - 6, 2*o = -c + 546. Suppose 4*f + 108 = o. Calculate the greatest common factor of r and f.
41
Let n = -338 - -364. Let m be 1/3 - (-77)/(-33). Let p be m/(-1)*(-390)/(-12). What is the greatest common factor of p and n?
13
Suppose -26*n + 2234 = 128. Suppose 13 = 5*h - u - 12, u + 5 = 0. Suppose h*q - 162 = q. Calculate the greatest common factor of n and q.
27
Let k be (-36)/6*(-267)/18. Let z = k - 84. Calculate the greatest common factor of z and 45.
5
Suppose -14*j + 116 = -150. Let l be 3740/209 + 2/j. Suppose 3*v = 3*z - 423, 2*z + 4*v - 303 = -v. What is the highest common divisor of l and z?
18
Let f be 20/(-13)*(-884)/136. Let u be 2/(4/194) + 3. What is the greatest common divisor of u and f?
10
Let t = -1026 + 1081. Let s(d) = -2*d**2 + 15*d - 3. Let k be s(6). Calculate the greatest common factor of k and t.
5
Suppose -5929 = 4441*i - 4490*i. What is the highest common factor of i and 1012?
11
Let q = -1476 + 867. Let a = q - -1155. Calculate the greatest common divisor of 84 and a.
42
Let a(l) = 4*l + 107. Let o be a(-25). Suppose 0 = -w - 0*w. Suppose q = -w + o. What is the highest common factor of 77 and q?
7
Suppose -5*v = 3*z - 5*z + 4590, -11475 = -5*z + 3*v. What is the highest common factor of z and 170?
85
Let o be (-6)/(22/8 + -2). Let c = o - -13. Let j be (-40*(-1)/(-6))/(10/6 - 2). Calculate the greatest common factor of j and c.
5
Let i(a) = 12*a**2 + 6*a + 10. Let r be i(-3). Suppose r*g - 96*g - 68 = 0. Calculate the greatest common factor of g and 68.
17
Let r be (-3 - (1 + -4)) + 4. Suppose -10*p - 4*f = -7*p - 407, -r*f = -5*p + 625. What is the greatest common factor of 172 and p?
43
Suppose -39*p - 418 + 1348 = -318. Calculate the greatest common factor of p and 928.
32
Let m be (-196)/(-8) - 1/2. Suppose 5*a - 3*v = 128, -8*v + 11*v = -a + 40. Calculate the greatest common factor of m and a.
4